Last updated on 2024-06-20 02:57:32 CEST.
Flavor | Version | Tinstall | Tcheck | Ttotal | Status | Flags |
---|---|---|---|---|---|---|
r-devel-linux-x86_64-debian-clang | 2.4.1 | 98.09 | 482.69 | 580.78 | NOTE | |
r-devel-linux-x86_64-debian-gcc | 2.4.1 | 65.84 | 342.08 | 407.92 | NOTE | |
r-devel-linux-x86_64-fedora-clang | 2.4.1 | 716.87 | NOTE | |||
r-devel-linux-x86_64-fedora-gcc | 2.4.1 | 666.63 | NOTE | |||
r-devel-windows-x86_64 | 2.4.1 | 50.00 | 276.00 | 326.00 | NOTE | |
r-patched-linux-x86_64 | 2.4.1 | 90.80 | 457.79 | 548.59 | NOTE | |
r-release-linux-x86_64 | 2.4.1 | 52.96 | 457.46 | 510.42 | NOTE | |
r-release-macos-arm64 | 2.4.1 | 308.00 | NOTE | |||
r-release-macos-x86_64 | 2.4.1 | 271.00 | NOTE | |||
r-release-windows-x86_64 | 2.4.1 | 44.00 | 285.00 | 329.00 | NOTE | |
r-oldrel-macos-arm64 | 2.4.1 | 123.00 | OK | |||
r-oldrel-macos-x86_64 | 2.4.1 | 348.00 | OK | |||
r-oldrel-windows-x86_64 | 2.4.1 | 60.00 | 352.00 | 412.00 | OK |
Version: 2.4.1
Check: Rd files
Result: NOTE
checkRd: (-1) calculateStatistics.Rd:22: Lost braces; missing escapes or markup?
22 | \item{quant}{numeric quantile to calculate {0,1}, default 0.95.}
| ^
Flavors: r-devel-linux-x86_64-debian-clang, r-devel-linux-x86_64-debian-gcc, r-devel-linux-x86_64-fedora-clang, r-devel-linux-x86_64-fedora-gcc, r-devel-windows-x86_64, r-patched-linux-x86_64, r-release-linux-x86_64, r-release-macos-arm64, r-release-macos-x86_64, r-release-windows-x86_64