Last updated on 2024-06-19 20:58:43 CEST.
Flavor | Version | Tinstall | Tcheck | Ttotal | Status | Flags |
---|---|---|---|---|---|---|
r-devel-linux-x86_64-debian-clang | 0.10.2 | 8.97 | 96.91 | 105.88 | OK | |
r-devel-linux-x86_64-debian-gcc | 0.10.2 | 6.91 | 67.12 | 74.03 | OK | |
r-devel-linux-x86_64-fedora-clang | 0.10.2 | 129.29 | NOTE | |||
r-devel-linux-x86_64-fedora-gcc | 0.10.2 | 118.42 | NOTE | |||
r-devel-windows-x86_64 | 0.10.2 | 8.00 | 80.00 | 88.00 | OK | |
r-patched-linux-x86_64 | 0.10.2 | 9.02 | 90.49 | 99.51 | OK | |
r-release-linux-x86_64 | 0.10.2 | 8.63 | 93.40 | 102.03 | OK | |
r-release-macos-arm64 | 0.10.2 | 36.00 | OK | |||
r-release-macos-x86_64 | 0.10.2 | 53.00 | OK | |||
r-release-windows-x86_64 | 0.10.2 | 8.00 | 84.00 | 92.00 | OK | |
r-oldrel-macos-arm64 | 0.10.2 | 38.00 | OK | |||
r-oldrel-macos-x86_64 | 0.10.2 | 88.00 | OK | |||
r-oldrel-windows-x86_64 | 0.10.2 | 7.00 | 100.00 | 107.00 | OK |
Version: 0.10.2
Check: data for non-ASCII characters
Result: NOTE
Note: found 83 marked UTF-8 strings
Flavors: r-devel-linux-x86_64-fedora-clang, r-devel-linux-x86_64-fedora-gcc