Last updated on 2024-06-19 20:58:43 CEST.
Flavor | Version | Tinstall | Tcheck | Ttotal | Status | Flags |
---|---|---|---|---|---|---|
r-devel-linux-x86_64-debian-clang | 0.1.2 | 88.65 | 73.98 | 162.63 | NOTE | |
r-devel-linux-x86_64-debian-gcc | 0.1.2 | 59.49 | 54.65 | 114.14 | NOTE | |
r-devel-linux-x86_64-fedora-clang | 0.1.2 | 231.72 | NOTE | |||
r-devel-linux-x86_64-fedora-gcc | 0.1.2 | 229.27 | NOTE | |||
r-devel-windows-x86_64 | 0.1.2 | 70.00 | 91.00 | 161.00 | NOTE | |
r-patched-linux-x86_64 | 0.1.2 | 75.47 | 69.84 | 145.31 | NOTE | |
r-release-linux-x86_64 | 0.1.2 | 76.08 | 68.79 | 144.87 | NOTE | |
r-release-macos-arm64 | 0.1.2 | 47.00 | NOTE | |||
r-release-macos-x86_64 | 0.1.2 | 60.00 | NOTE | |||
r-release-windows-x86_64 | 0.1.2 | 70.00 | 93.00 | 163.00 | NOTE | |
r-oldrel-macos-arm64 | 0.1.2 | 56.00 | NOTE | |||
r-oldrel-macos-x86_64 | 0.1.2 | 98.00 | NOTE | |||
r-oldrel-windows-x86_64 | 0.1.2 | 86.00 | 105.00 | 191.00 | NOTE |
Version: 0.1.2
Check: C++ specification
Result: NOTE
Specified C++11: please drop specification unless essential
Flavors: r-devel-linux-x86_64-debian-clang, r-devel-linux-x86_64-debian-gcc, r-devel-linux-x86_64-fedora-clang, r-devel-linux-x86_64-fedora-gcc, r-devel-windows-x86_64, r-patched-linux-x86_64, r-release-linux-x86_64, r-release-macos-arm64, r-release-macos-x86_64, r-release-windows-x86_64, r-oldrel-macos-arm64, r-oldrel-macos-x86_64, r-oldrel-windows-x86_64