Last updated on 2024-06-19 20:58:43 CEST.
Flavor | Version | Tinstall | Tcheck | Ttotal | Status | Flags |
---|---|---|---|---|---|---|
r-devel-linux-x86_64-debian-clang | 0.1.0-1 | 40.14 | 342.80 | 382.94 | OK | |
r-devel-linux-x86_64-debian-gcc | 0.1.0-1 | 28.25 | 216.65 | 244.90 | OK | |
r-devel-linux-x86_64-fedora-clang | 0.1.0-1 | 477.55 | NOTE | |||
r-devel-linux-x86_64-fedora-gcc | 0.1.0-1 | 473.00 | NOTE | |||
r-devel-windows-x86_64 | 0.1.0-1 | 32.00 | 305.00 | 337.00 | OK | |
r-patched-linux-x86_64 | 0.1.0-1 | 33.11 | 320.20 | 353.31 | OK | |
r-release-linux-x86_64 | 0.1.0-1 | 34.86 | 323.71 | 358.57 | OK | |
r-release-macos-arm64 | 0.1.0-1 | 106.00 | OK | |||
r-release-macos-x86_64 | 0.1.0-1 | 201.00 | OK | |||
r-release-windows-x86_64 | 0.1.0-1 | 34.00 | 322.00 | 356.00 | OK | |
r-oldrel-macos-arm64 | 0.1.0-1 | 128.00 | OK | |||
r-oldrel-macos-x86_64 | 0.1.0-1 | 204.00 | OK | |||
r-oldrel-windows-x86_64 | 0.1.0-1 | 40.00 | 363.00 | 403.00 | OK |
Version: 0.1.0-1
Check: dependencies in R code
Result: NOTE
Namespaces in Imports field not imported from:
‘doParallel’ ‘pROC’
All declared Imports should be used.
Flavors: r-devel-linux-x86_64-fedora-clang, r-devel-linux-x86_64-fedora-gcc