CRAN Package Check Results for Package syslognet

Last updated on 2025-07-13 04:49:04 CEST.

Flavor Version Tinstall Tcheck Ttotal Status Flags
r-devel-linux-x86_64-debian-clang 0.1.2.1 1.55 16.04 17.59 OK
r-devel-linux-x86_64-debian-gcc 0.1.2.1 1.38 13.50 14.88 OK
r-devel-linux-x86_64-fedora-clang 0.1.2.1 27.27 OK
r-devel-linux-x86_64-fedora-gcc 0.1.2.1 25.49 OK
r-devel-windows-x86_64 0.1.2.1 2.00 38.00 40.00 OK
r-patched-linux-x86_64 0.1.2.1 1.58 15.45 17.03 OK
r-release-linux-x86_64 0.1.2.1 1.43 15.40 16.83 OK
r-release-macos-arm64 0.1.2.1 14.00 OK
r-release-macos-x86_64 0.1.2.1 21.00 OK
r-release-windows-x86_64 0.1.2.1 3.00 46.00 49.00 OK
r-oldrel-macos-arm64 0.1.2.1 13.00 NOTE
r-oldrel-macos-x86_64 0.1.2.1 18.00 NOTE
r-oldrel-windows-x86_64 0.1.2.1 2.00 37.00 39.00 NOTE

Check Details

Version: 0.1.2.1
Check: LazyData
Result: NOTE 'LazyData' is specified without a 'data' directory Flavors: r-oldrel-macos-arm64, r-oldrel-macos-x86_64, r-oldrel-windows-x86_64