CRAN Package Check Results for Package tatoo

Last updated on 2025-07-12 22:49:25 CEST.

Flavor Version Tinstall Tcheck Ttotal Status Flags
r-devel-linux-x86_64-debian-clang 1.1.2 4.41 76.15 80.56 NOTE
r-devel-linux-x86_64-debian-gcc 1.1.2 2.60 51.62 54.22 NOTE
r-devel-linux-x86_64-fedora-clang 1.1.2 120.89 OK
r-devel-linux-x86_64-fedora-gcc 1.1.2 135.23 OK
r-devel-windows-x86_64 1.1.2 5.00 95.00 100.00 NOTE
r-patched-linux-x86_64 1.1.2 5.77 68.16 73.93 NOTE
r-release-linux-x86_64 1.1.2 2.86 68.41 71.27 NOTE
r-release-macos-arm64 1.1.2 43.00 OK
r-release-macos-x86_64 1.1.2 92.00 OK
r-release-windows-x86_64 1.1.2 6.00 100.00 106.00 NOTE
r-oldrel-macos-arm64 1.1.2 38.00 OK
r-oldrel-macos-x86_64 1.1.2 77.00 OK
r-oldrel-windows-x86_64 1.1.2 7.00 115.00 122.00 OK

Check Details

Version: 1.1.2
Check: Rd cross-references
Result: NOTE Found the following Rd file(s) with Rd \link{} targets missing package anchors: Tagged_table.Rd: data.table as.data.table.Mashed_table.Rd: as.data.table, data.table as_workbook.Rd: openxlsx cmash.Rd: data.table write_worksheet.Rd: openxlsx Please provide package anchors for all Rd \link{} targets not in the package itself and the base packages. Flavors: r-devel-linux-x86_64-debian-clang, r-devel-linux-x86_64-debian-gcc, r-devel-windows-x86_64, r-patched-linux-x86_64, r-release-linux-x86_64, r-release-windows-x86_64