CRAN Package Check Results for Package tdsa

Last updated on 2025-07-13 04:49:04 CEST.

Flavor Version Tinstall Tcheck Ttotal Status Flags
r-devel-linux-x86_64-debian-clang 1.1-1 2.44 44.44 46.88 OK
r-devel-linux-x86_64-debian-gcc 1.1-1 1.83 30.42 32.25 OK
r-devel-linux-x86_64-fedora-clang 1.1-1 73.74 OK
r-devel-linux-x86_64-fedora-gcc 1.1-1 156.15 OK
r-devel-windows-x86_64 1.1-1 4.00 61.00 65.00 OK
r-patched-linux-x86_64 1.1-1 2.46 41.91 44.37 OK
r-release-linux-x86_64 1.1-1 1.79 42.19 43.98 OK
r-release-macos-arm64 1.1-1 86.00 OK
r-release-macos-x86_64 1.1-1 152.00 OK
r-release-windows-x86_64 1.1-1 3.00 65.00 68.00 OK
r-oldrel-macos-arm64 1.1-1 70.00 OK
r-oldrel-macos-x86_64 1.1-1 162.00 WARN
r-oldrel-windows-x86_64 1.1-1 3.00 74.00 77.00 OK

Check Details

Version: 1.1-1
Check: PDF version of manual
Result: WARN LaTeX errors when creating PDF version. This typically indicates Rd problems. Flavor: r-oldrel-macos-x86_64