CRAN Package Check Results for Package textTools

Last updated on 2025-07-13 10:48:35 CEST.

Flavor Version Tinstall Tcheck Ttotal Status Flags
r-devel-linux-x86_64-debian-clang 0.1.0 13.62 36.86 50.48 NOTE
r-devel-linux-x86_64-debian-gcc 0.1.0 12.45 28.11 40.56 NOTE
r-devel-linux-x86_64-fedora-clang 0.1.0 73.80 OK
r-devel-linux-x86_64-fedora-gcc 0.1.0 69.44 OK
r-devel-windows-x86_64 0.1.0 16.00 62.00 78.00 OK
r-patched-linux-x86_64 0.1.0 14.83 32.80 47.63 OK
r-release-linux-x86_64 0.1.0 14.10 32.66 46.76 OK
r-release-macos-arm64 0.1.0 37.00 OK
r-release-macos-x86_64 0.1.0 49.00 OK
r-release-windows-x86_64 0.1.0 15.00 68.00 83.00 OK
r-oldrel-macos-arm64 0.1.0 30.00 NOTE
r-oldrel-macos-x86_64 0.1.0 50.00 NOTE
r-oldrel-windows-x86_64 0.1.0 17.00 70.00 87.00 NOTE

Check Details

Version: 0.1.0
Check: CRAN incoming feasibility
Result: NOTE Maintainer: ‘Timothy Conwell <timconwell@gmail.com>’ No Authors@R field in DESCRIPTION. Please add one, modifying Authors@R: person(given = "Timothy", family = "Conwell", role = c("aut", "cre"), email = "timconwell@gmail.com") as necessary. Flavors: r-devel-linux-x86_64-debian-clang, r-devel-linux-x86_64-debian-gcc

Version: 0.1.0
Check: LazyData
Result: NOTE 'LazyData' is specified without a 'data' directory Flavors: r-oldrel-macos-arm64, r-oldrel-macos-x86_64, r-oldrel-windows-x86_64