CRAN Package Check Results for Package thurstonianIRT

Last updated on 2025-07-13 04:49:04 CEST.

Flavor Version Tinstall Tcheck Ttotal Status Flags
r-devel-linux-x86_64-debian-clang 0.12.5 271.93 168.62 440.55 OK
r-devel-linux-x86_64-debian-gcc 0.12.5 251.18 137.58 388.76 OK
r-devel-linux-x86_64-fedora-clang 0.12.5 650.50 OK
r-devel-linux-x86_64-fedora-gcc 0.12.5 866.17 OK
r-devel-windows-x86_64 0.12.5 284.00 209.00 493.00 OK
r-patched-linux-x86_64 0.12.5 333.98 187.39 521.37 OK
r-release-linux-x86_64 0.12.5 320.54 186.00 506.54 OK
r-release-macos-arm64 0.12.5 176.00 OK
r-release-macos-x86_64 0.12.5 302.00 OK
r-release-windows-x86_64 0.12.5 290.00 0.00 290.00 FAIL
r-oldrel-macos-arm64 0.12.5 101.00 NOTE
r-oldrel-macos-x86_64 0.12.5 149.00 NOTE
r-oldrel-windows-x86_64 0.12.5 344.00 261.00 605.00 NOTE

Check Details

Version: 0.12.5
Check: PDF version of manual
Result: FAIL Check process probably crashed or hung up for 20 minutes ... killed Most likely this happened in the example checks (?), if not, ignore the following last lines of example output: + set_block(c("i7", "i8", "i9"), traits = c("t1", "t2", "t3"), + signs = c(1, 1, -1)) + + set_block(c("i10", "i11", "i12"), traits = c("t1", "t2", "t3"), + signs = c(1, -1, 1)) > > # generate the data to be understood by 'thurstonianIRT' > tdat <- make_TIRT_data( + triplets, blocks, direction = "larger", + format = "pairwise", family = "bernoulli", range = c(0, 1) + ) > > > > > > ### * <FOOTER> > ### > cleanEx() > options(digits = 7L) > base::cat("Time elapsed: ", proc.time() - base::get("ptime", pos = 'CheckExEnv'),"\n") Time elapsed: 9.64 0.61 10.26 NA NA > grDevices::dev.off() null device 1 > ### > ### Local variables: *** > ### mode: outline-minor *** > ### outline-regexp: "\\(> \\)?### [*]+" *** > ### End: *** > quit('no') ======== End of example output (where/before crash/hang up occured ?) ======== Flavor: r-release-windows-x86_64

Version: 0.12.5
Check: installed package size
Result: NOTE installed size is 84.4Mb sub-directories of 1Mb or more: libs 84.0Mb Flavors: r-oldrel-macos-arm64, r-oldrel-macos-x86_64

Version: 0.12.5
Check: for GNU extensions in Makefiles
Result: NOTE GNU make is a SystemRequirements. Flavors: r-oldrel-macos-arm64, r-oldrel-macos-x86_64, r-oldrel-windows-x86_64