Last updated on 2025-07-13 04:49:04 CEST.
Flavor | Version | Tinstall | Tcheck | Ttotal | Status | Flags |
---|---|---|---|---|---|---|
r-devel-linux-x86_64-debian-clang | 1.2.1 | 1.83 | 22.04 | 23.87 | NOTE | |
r-devel-linux-x86_64-debian-gcc | 1.2.1 | 1.29 | 17.90 | 19.19 | NOTE | |
r-devel-linux-x86_64-fedora-clang | 1.2.1 | 35.08 | OK | |||
r-devel-linux-x86_64-fedora-gcc | 1.2.1 | 34.92 | OK | |||
r-devel-windows-x86_64 | 1.2.1 | 3.00 | 67.00 | 70.00 | OK | |
r-patched-linux-x86_64 | 1.2.1 | 1.72 | 21.01 | 22.73 | OK | |
r-release-linux-x86_64 | 1.2.1 | 1.65 | 20.57 | 22.22 | OK | |
r-release-macos-arm64 | 1.2.1 | 42.00 | OK | |||
r-release-macos-x86_64 | 1.2.1 | 52.00 | OK | |||
r-release-windows-x86_64 | 1.2.1 | 3.00 | 68.00 | 71.00 | OK | |
r-oldrel-macos-arm64 | 1.2.1 | 43.00 | OK | |||
r-oldrel-macos-x86_64 | 1.2.1 | 46.00 | OK | |||
r-oldrel-windows-x86_64 | 1.2.1 | 3.00 | 71.00 | 74.00 | OK |
Version: 1.2.1
Check: CRAN incoming feasibility
Result: NOTE
Maintainer: ‘Sergei Izrailev <sizrailev@jabiruventures.com>’
No Authors@R field in DESCRIPTION.
Please add one, modifying
Authors@R: person(given = "Sergei",
family = "Izrailev",
role = c("aut", "cre"),
email = "sizrailev@jabiruventures.com")
as necessary.
Flavors: r-devel-linux-x86_64-debian-clang, r-devel-linux-x86_64-debian-gcc