CRAN Package Check Results for Package tidygenomics

Last updated on 2025-07-13 04:49:04 CEST.

Flavor Version Tinstall Tcheck Ttotal Status Flags
r-devel-linux-x86_64-debian-clang 0.1.2 13.10 60.99 74.09 NOTE
r-devel-linux-x86_64-debian-gcc 0.1.2 10.24 44.10 54.34 NOTE
r-devel-linux-x86_64-fedora-clang 0.1.2 126.81 NOTE
r-devel-linux-x86_64-fedora-gcc 0.1.2 135.93 NOTE
r-devel-windows-x86_64 0.1.2 18.00 91.00 109.00 NOTE
r-patched-linux-x86_64 0.1.2 12.91 56.25 69.16 NOTE
r-release-linux-x86_64 0.1.2 13.14 55.65 68.79 NOTE
r-release-macos-arm64 0.1.2 42.00 NOTE
r-release-macos-x86_64 0.1.2 83.00 NOTE
r-release-windows-x86_64 0.1.2 17.00 90.00 107.00 NOTE
r-oldrel-macos-arm64 0.1.2 41.00 NOTE
r-oldrel-macos-x86_64 0.1.2 64.00 NOTE
r-oldrel-windows-x86_64 0.1.2 22.00 110.00 132.00 NOTE

Check Details

Version: 0.1.2
Check: package subdirectories
Result: NOTE Problems with news in ‘NEWS.md’: Cannot extract version info from the following section titles: Initial Release (v0.1.0) Flavors: r-devel-linux-x86_64-debian-clang, r-devel-linux-x86_64-debian-gcc, r-devel-linux-x86_64-fedora-clang, r-devel-linux-x86_64-fedora-gcc, r-devel-windows-x86_64, r-patched-linux-x86_64, r-release-linux-x86_64, r-release-macos-arm64, r-release-macos-x86_64, r-release-windows-x86_64, r-oldrel-macos-arm64, r-oldrel-macos-x86_64, r-oldrel-windows-x86_64

Version: 0.1.2
Check: LazyData
Result: NOTE 'LazyData' is specified without a 'data' directory Flavors: r-oldrel-macos-arm64, r-oldrel-macos-x86_64, r-oldrel-windows-x86_64