Last updated on 2024-06-19 20:58:43 CEST.
Flavor | Version | Tinstall | Tcheck | Ttotal | Status | Flags |
---|---|---|---|---|---|---|
r-devel-linux-x86_64-debian-clang | 0.3.2 | 9.61 | 302.92 | 312.53 | NOTE | |
r-devel-linux-x86_64-debian-gcc | 0.3.2 | 6.08 | 214.68 | 220.76 | NOTE | |
r-devel-linux-x86_64-fedora-clang | 0.3.2 | 372.64 | NOTE | |||
r-devel-linux-x86_64-fedora-gcc | 0.3.2 | 370.24 | NOTE | |||
r-devel-windows-x86_64 | 0.3.2 | 8.00 | 202.00 | 210.00 | NOTE | |
r-patched-linux-x86_64 | 0.3.2 | 9.13 | 292.78 | 301.91 | NOTE | |
r-release-linux-x86_64 | 0.3.2 | 6.33 | 287.02 | 293.35 | NOTE | |
r-release-macos-arm64 | 0.3.2 | 96.00 | NOTE | |||
r-release-macos-x86_64 | 0.3.2 | 174.00 | NOTE | |||
r-release-windows-x86_64 | 0.3.2 | 9.00 | 212.00 | 221.00 | NOTE | |
r-oldrel-macos-arm64 | 0.3.2 | 119.00 | OK | |||
r-oldrel-macos-x86_64 | 0.3.2 | 210.00 | OK | |||
r-oldrel-windows-x86_64 | 0.3.2 | 11.00 | 275.00 | 286.00 | OK |
Version: 0.3.2
Check: Rd files
Result: NOTE
checkRd: (-1) json_schema.Rd:33: Lost braces; missing escapes or markup?
33 | \item object -> {"name": <type>} e.g., {"age": 32} -> {"age": "number"}
| ^
checkRd: (-1) json_schema.Rd:33: Lost braces; missing escapes or markup?
33 | \item object -> {"name": <type>} e.g., {"age": 32} -> {"age": "number"}
| ^
checkRd: (-1) json_schema.Rd:33: Lost braces; missing escapes or markup?
33 | \item object -> {"name": <type>} e.g., {"age": 32} -> {"age": "number"}
| ^
Flavors: r-devel-linux-x86_64-debian-clang, r-devel-linux-x86_64-debian-gcc, r-devel-linux-x86_64-fedora-clang, r-devel-linux-x86_64-fedora-gcc, r-devel-windows-x86_64, r-patched-linux-x86_64, r-release-linux-x86_64, r-release-macos-arm64, r-release-macos-x86_64, r-release-windows-x86_64