Last updated on 2025-07-13 04:49:04 CEST.
Flavor | Version | Tinstall | Tcheck | Ttotal | Status | Flags |
---|---|---|---|---|---|---|
r-devel-linux-x86_64-debian-clang | 0.1.7 | 2.73 | 42.82 | 45.55 | OK | |
r-devel-linux-x86_64-debian-gcc | 0.1.7 | 2.07 | 34.92 | 36.99 | OK | |
r-devel-linux-x86_64-fedora-clang | 0.1.7 | 70.69 | OK | |||
r-devel-linux-x86_64-fedora-gcc | 0.1.7 | 72.61 | OK | |||
r-devel-windows-x86_64 | 0.1.7 | 4.00 | 63.00 | 67.00 | OK | |
r-patched-linux-x86_64 | 0.1.7 | 2.84 | 42.86 | 45.70 | OK | |
r-release-linux-x86_64 | 0.1.7 | 2.52 | 43.19 | 45.71 | OK | |
r-release-macos-arm64 | 0.1.7 | 30.00 | OK | |||
r-release-macos-x86_64 | 0.1.7 | 64.00 | OK | |||
r-release-windows-x86_64 | 0.1.7 | 4.00 | 70.00 | 74.00 | OK | |
r-oldrel-macos-arm64 | 0.1.7 | 26.00 | NOTE | |||
r-oldrel-macos-x86_64 | 0.1.7 | 46.00 | NOTE | |||
r-oldrel-windows-x86_64 | 0.1.7 | 5.00 | 76.00 | 81.00 | NOTE |
Version: 0.1.7
Check: package dependencies
Result: NOTE
Package suggested but not available for checking: ‘rrelaxiv’
Flavors: r-oldrel-macos-arm64, r-oldrel-macos-x86_64, r-oldrel-windows-x86_64