Last updated on 2025-07-12 22:49:26 CEST.
Flavor | Version | Tinstall | Tcheck | Ttotal | Status | Flags |
---|---|---|---|---|---|---|
r-devel-linux-x86_64-debian-clang | 0.6.0 | 9.32 | 6.97 | 16.29 | ERROR | |
r-devel-linux-x86_64-debian-gcc | 0.6.0 | 5.69 | 68.81 | 74.50 | OK | |
r-devel-linux-x86_64-fedora-clang | 0.6.0 | 168.47 | OK | |||
r-devel-linux-x86_64-fedora-gcc | 0.6.0 | 161.83 | OK | |||
r-devel-windows-x86_64 | 0.6.0 | 9.00 | 110.00 | 119.00 | OK | |
r-patched-linux-x86_64 | 0.6.0 | 10.78 | 4.79 | 15.57 | ERROR | |
r-release-linux-x86_64 | 0.6.0 | 8.42 | 88.37 | 96.79 | OK | |
r-release-macos-arm64 | 0.6.0 | 40.00 | OK | |||
r-release-macos-x86_64 | 0.6.0 | 70.00 | OK | |||
r-release-windows-x86_64 | 0.6.0 | 12.00 | 114.00 | 126.00 | OK | |
r-oldrel-macos-arm64 | 0.6.0 | 34.00 | OK | |||
r-oldrel-macos-x86_64 | 0.6.0 | 96.00 | OK | |||
r-oldrel-windows-x86_64 | 0.6.0 | 12.00 | 137.00 | 149.00 | OK |
Version: 0.6.0
Check: whether the package can be loaded
Result: ERROR
Loading this package had a fatal error status code 1
Loading log:
Error: package or namespace load failed for ‘torchvision’:
.onLoad failed in loadNamespace() for 'torch', details:
call: inst_path()
error: torch cannot write into
'/home/hornik/tmp/R.check/r-devel-clang/Work/build/Packages/torch/'.
Execution halted
Flavor: r-devel-linux-x86_64-debian-clang
Version: 0.6.0
Check: whether the package can be loaded
Result: ERROR
Loading this package had a fatal error status code 1
Loading log:
Error: package or namespace load failed for ‘torchvision’:
.onLoad failed in loadNamespace() for 'torch', details:
call: inst_path()
error: torch cannot write into
'/home/hornik/tmp/R.check/r-patched-gcc/Work/build/Packages/torch/'.
Execution halted
Flavor: r-patched-linux-x86_64