Last updated on 2025-07-12 22:49:26 CEST.
Flavor | Version | Tinstall | Tcheck | Ttotal | Status | Flags |
---|---|---|---|---|---|---|
r-devel-linux-x86_64-debian-clang | 0.1.0 | 10.45 | 31.82 | 42.27 | NOTE | |
r-devel-linux-x86_64-debian-gcc | 0.1.0 | 7.33 | 24.39 | 31.72 | NOTE | |
r-devel-linux-x86_64-fedora-clang | 0.1.0 | 72.04 | OK | |||
r-devel-linux-x86_64-fedora-gcc | 0.1.0 | 108.31 | OK | |||
r-devel-windows-x86_64 | 0.1.0 | 14.00 | 64.00 | 78.00 | OK | |
r-patched-linux-x86_64 | 0.1.0 | 10.67 | 29.77 | 40.44 | OK | |
r-release-linux-x86_64 | 0.1.0 | 10.20 | 29.78 | 39.98 | OK | |
r-release-macos-arm64 | 0.1.0 | 58.00 | OK | |||
r-release-macos-x86_64 | 0.1.0 | 79.00 | OK | |||
r-release-windows-x86_64 | 0.1.0 | 14.00 | 72.00 | 86.00 | OK | |
r-oldrel-macos-arm64 | 0.1.0 | 44.00 | OK | |||
r-oldrel-macos-x86_64 | 0.1.0 | 56.00 | OK | |||
r-oldrel-windows-x86_64 | 0.1.0 | 17.00 | 79.00 | 96.00 | OK |
Version: 0.1.0
Check: CRAN incoming feasibility
Result: NOTE
Maintainer: ‘Erik Volz <erik.volz@gmail.com>’
No Authors@R field in DESCRIPTION.
Please add one, modifying
Authors@R: person(given = "Erik",
family = "Volz",
role = c("aut", "cre"),
email = "erik.volz@gmail.com")
as necessary.
Flavors: r-devel-linux-x86_64-debian-clang, r-devel-linux-x86_64-debian-gcc