CRAN Package Check Results for Package tsSelect

Last updated on 2025-07-13 10:48:36 CEST.

Flavor Version Tinstall Tcheck Ttotal Status Flags
r-devel-linux-x86_64-debian-clang 0.1.8 7.06 64.60 71.66 NOTE
r-devel-linux-x86_64-debian-gcc 0.1.8 4.67 46.59 51.26 NOTE
r-devel-linux-x86_64-fedora-clang 0.1.8 122.26 OK
r-devel-linux-x86_64-fedora-gcc 0.1.8 106.49 OK
r-devel-windows-x86_64 0.1.8 10.00 75.00 85.00 OK
r-patched-linux-x86_64 0.1.8 6.57 61.01 67.58 OK
r-release-linux-x86_64 0.1.8 6.29 61.73 68.02 OK
r-release-macos-arm64 0.1.8 31.00 OK
r-release-macos-x86_64 0.1.8 61.00 OK
r-release-windows-x86_64 0.1.8 10.00 79.00 89.00 OK
r-oldrel-macos-arm64 0.1.8 30.00 OK
r-oldrel-macos-x86_64 0.1.8 46.00 OK
r-oldrel-windows-x86_64 0.1.8 12.00 94.00 106.00 OK

Check Details

Version: 0.1.8
Check: CRAN incoming feasibility
Result: NOTE Maintainer: ‘Avi Blinder <aviblinder@gmail.com>’ No Authors@R field in DESCRIPTION. Please add one, modifying Authors@R: person(given = "Avi", family = "Blinder", role = c("aut", "cre"), email = "aviblinder@gmail.com") as necessary. Flavors: r-devel-linux-x86_64-debian-clang, r-devel-linux-x86_64-debian-gcc