Last updated on 2025-07-13 04:49:05 CEST.
Flavor | Version | Tinstall | Tcheck | Ttotal | Status | Flags |
---|---|---|---|---|---|---|
r-devel-linux-x86_64-debian-clang | 0.3.5 | 3.58 | 34.97 | 38.55 | NOTE | |
r-devel-linux-x86_64-debian-gcc | 0.3.5 | 2.57 | 28.96 | 31.53 | NOTE | |
r-devel-linux-x86_64-fedora-clang | 0.3.5 | 60.38 | NOTE | |||
r-devel-linux-x86_64-fedora-gcc | 0.3.5 | 56.26 | NOTE | |||
r-devel-windows-x86_64 | 0.3.5 | 4.00 | 52.00 | 56.00 | NOTE | |
r-patched-linux-x86_64 | 0.3.5 | 3.55 | 32.59 | 36.14 | NOTE | |
r-release-linux-x86_64 | 0.3.5 | 3.12 | 32.12 | 35.24 | NOTE | |
r-release-macos-arm64 | 0.3.5 | 34.00 | NOTE | |||
r-release-macos-x86_64 | 0.3.5 | 42.00 | NOTE | |||
r-release-windows-x86_64 | 0.3.5 | 5.00 | 56.00 | 61.00 | NOTE | |
r-oldrel-macos-arm64 | 0.3.5 | 26.00 | NOTE | |||
r-oldrel-macos-x86_64 | 0.3.5 | 36.00 | NOTE | |||
r-oldrel-windows-x86_64 | 0.3.5 | 7.00 | 56.00 | 63.00 | NOTE |
Version: 0.3.5
Check: package subdirectories
Result: NOTE
Problems with news in ‘NEWS.md’:
No news entries found.
Flavors: r-devel-linux-x86_64-debian-clang, r-devel-linux-x86_64-debian-gcc, r-devel-linux-x86_64-fedora-clang, r-devel-linux-x86_64-fedora-gcc, r-devel-windows-x86_64, r-patched-linux-x86_64, r-release-linux-x86_64, r-release-macos-arm64, r-release-macos-x86_64, r-release-windows-x86_64, r-oldrel-macos-arm64, r-oldrel-macos-x86_64, r-oldrel-windows-x86_64