Last updated on 2025-07-13 04:49:05 CEST.
Flavor | Version | Tinstall | Tcheck | Ttotal | Status | Flags |
---|---|---|---|---|---|---|
r-devel-linux-x86_64-debian-clang | 1.2.7 | 531.33 | 241.66 | 772.99 | OK | |
r-devel-linux-x86_64-debian-gcc | 1.2.7 | 529.80 | 213.67 | 743.47 | OK | |
r-devel-linux-x86_64-fedora-clang | 1.2.7 | 1204.10 | OK | |||
r-devel-linux-x86_64-fedora-gcc | 1.2.7 | 1585.55 | OK | |||
r-devel-windows-x86_64 | 1.2.7 | 560.00 | 307.00 | 867.00 | OK | |
r-patched-linux-x86_64 | 1.2.7 | 629.30 | 287.54 | 916.84 | OK | |
r-release-linux-x86_64 | 1.2.7 | 623.73 | 286.42 | 910.15 | OK | |
r-release-macos-arm64 | 1.2.7 | 302.00 | OK | |||
r-release-macos-x86_64 | 1.2.7 | 463.00 | OK | |||
r-release-windows-x86_64 | 1.2.7 | 552.00 | 307.00 | 859.00 | OK | |
r-oldrel-macos-arm64 | 1.2.7 | 182.00 | NOTE | |||
r-oldrel-macos-x86_64 | 1.2.7 | 219.00 | NOTE | |||
r-oldrel-windows-x86_64 | 1.2.7 | 674.00 | 385.00 | 1059.00 | NOTE |
Version: 1.2.7
Check: installed package size
Result: NOTE
installed size is 128.7Mb
sub-directories of 1Mb or more:
R 2.0Mb
libs 125.4Mb
Flavors: r-oldrel-macos-arm64, r-oldrel-macos-x86_64, r-oldrel-windows-x86_64
Version: 1.2.7
Check: for GNU extensions in Makefiles
Result: NOTE
GNU make is a SystemRequirements.
Flavors: r-oldrel-macos-arm64, r-oldrel-macos-x86_64, r-oldrel-windows-x86_64