Last updated on 2025-10-17 16:50:26 CEST.
Flavor | Version | Tinstall | Tcheck | Ttotal | Status | Flags |
---|---|---|---|---|---|---|
r-devel-linux-x86_64-debian-clang | 0.2.3 | 83.74 | 237.56 | 321.30 | OK | |
r-devel-linux-x86_64-debian-gcc | 0.2.3 | 63.19 | 228.74 | 291.93 | OK | |
r-devel-linux-x86_64-fedora-clang | 0.2.3 | 487.78 | OK | |||
r-devel-linux-x86_64-fedora-gcc | 0.2.3 | 513.63 | OK | |||
r-devel-windows-x86_64 | 0.2.3 | 95.00 | 256.00 | 351.00 | OK | |
r-patched-linux-x86_64 | 0.2.3 | 87.33 | 232.70 | 320.03 | OK | |
r-release-linux-x86_64 | 0.2.3 | 87.05 | 233.70 | 320.75 | OK | |
r-release-macos-arm64 | 0.2.3 | 159.00 | OK | |||
r-release-macos-x86_64 | 0.2.3 | 285.00 | OK | |||
r-release-windows-x86_64 | 0.2.3 | 96.00 | 253.00 | 349.00 | OK | |
r-oldrel-macos-arm64 | 0.2.3 | 155.00 | NOTE | |||
r-oldrel-macos-x86_64 | 0.2.3 | 245.00 | NOTE | |||
r-oldrel-windows-x86_64 | 0.2.3 | 115.00 | 329.00 | 444.00 | OK |
Version: 0.2.3
Check: installed package size
Result: NOTE
installed size is 16.6Mb
sub-directories of 1Mb or more:
libs 15.6Mb
Flavors: r-oldrel-macos-arm64, r-oldrel-macos-x86_64