CRAN Package Check Results for Package vacuum

Last updated on 2025-07-13 04:49:05 CEST.

Flavor Version Tinstall Tcheck Ttotal Status Flags
r-devel-linux-x86_64-debian-clang 0.1.0 2.03 33.61 35.64 NOTE
r-devel-linux-x86_64-debian-gcc 0.1.0 1.72 26.70 28.42 NOTE
r-devel-linux-x86_64-fedora-clang 0.1.0 56.22 OK
r-devel-linux-x86_64-fedora-gcc 0.1.0 67.58 OK
r-devel-windows-x86_64 0.1.0 4.00 52.00 56.00 OK
r-patched-linux-x86_64 0.1.0 2.11 30.55 32.66 OK
r-release-linux-x86_64 0.1.0 1.72 30.46 32.18 OK
r-release-macos-arm64 0.1.0 28.00 OK
r-release-macos-x86_64 0.1.0 48.00 OK
r-release-windows-x86_64 0.1.0 4.00 53.00 57.00 OK
r-oldrel-macos-arm64 0.1.0 25.00 OK
r-oldrel-macos-x86_64 0.1.0 40.00 OK
r-oldrel-windows-x86_64 0.1.0 4.00 59.00 63.00 OK

Check Details

Version: 0.1.0
Check: CRAN incoming feasibility
Result: NOTE Maintainer: ‘Ron Sielinski <sielinski@hotmail.com>’ No Authors@R field in DESCRIPTION. Please add one, modifying Authors@R: person(given = "Ron", family = "Sielinski", role = c("aut", "cre"), email = "sielinski@hotmail.com") as necessary. Flavors: r-devel-linux-x86_64-debian-clang, r-devel-linux-x86_64-debian-gcc