Last updated on 2025-10-16 04:51:04 CEST.
Flavor | Version | Tinstall | Tcheck | Ttotal | Status | Flags |
---|---|---|---|---|---|---|
r-devel-linux-x86_64-debian-clang | 1.6.1 | 28.63 | 485.25 | 513.88 | OK | |
r-devel-linux-x86_64-debian-gcc | 1.6.1 | 20.93 | 315.03 | 335.96 | OK | |
r-devel-linux-x86_64-fedora-clang | 1.6.1 | 864.23 | OK | |||
r-devel-linux-x86_64-fedora-gcc | 1.6.1 | 802.48 | OK | |||
r-devel-windows-x86_64 | 1.6.1 | 26.00 | 351.00 | 377.00 | OK | |
r-patched-linux-x86_64 | 1.6.1 | 28.65 | 461.33 | 489.98 | OK | |
r-release-linux-x86_64 | 1.6 | 29.12 | 454.54 | 483.66 | NOTE | |
r-release-macos-arm64 | 1.6.1 | 189.00 | OK | |||
r-release-macos-x86_64 | 1.6.1 | 459.00 | OK | |||
r-release-windows-x86_64 | 1.6 | 29.00 | 399.00 | 428.00 | NOTE | |
r-oldrel-macos-arm64 | 1.6.1 | 188.00 | OK | |||
r-oldrel-macos-x86_64 | 1.6.1 | 422.00 | OK | |||
r-oldrel-windows-x86_64 | 1.6.1 | 34.00 | 343.00 | 377.00 | OK |
Version: 1.6
Check: Rd cross-references
Result: NOTE
Found the following Rd file(s) with Rd \link{} targets missing package
anchors:
virtualspecies-package.Rd: terra, ade4, rnaturalearth
Please provide package anchors for all Rd \link{} targets not in the
package itself and the base packages.
Flavors: r-release-linux-x86_64, r-release-windows-x86_64