Last updated on 2024-06-13 00:55:36 CEST.
Flavor | Version | Tinstall | Tcheck | Ttotal | Status | Flags |
---|---|---|---|---|---|---|
r-devel-linux-x86_64-debian-clang | 1.0.2 | 14.77 | 407.97 | 422.74 | NOTE | |
r-devel-linux-x86_64-debian-gcc | 1.0.2 | 0.72 | 1.72 | 2.44 | ERROR | |
r-devel-linux-x86_64-fedora-clang | 1.0.2 | 434.37 | NOTE | |||
r-devel-linux-x86_64-fedora-gcc | 1.0.2 | 450.80 | OK | |||
r-devel-windows-x86_64 | 1.0.2 | 15.00 | 267.00 | 282.00 | OK | |
r-patched-linux-x86_64 | 1.0.2 | 20.01 | 391.72 | 411.73 | NOTE | |
r-release-linux-x86_64 | 1.0.2 | 14.15 | 385.08 | 399.23 | NOTE | |
r-release-macos-arm64 | 1.0.2 | 131.00 | NOTE | |||
r-release-macos-x86_64 | 1.0.2 | 213.00 | NOTE | |||
r-release-windows-x86_64 | 1.0.2 | 15.00 | 269.00 | 284.00 | OK | |
r-oldrel-macos-arm64 | 1.0.2 | 145.00 | NOTE | |||
r-oldrel-macos-x86_64 | 1.0.2 | 351.00 | NOTE | |||
r-oldrel-windows-x86_64 | 1.0.2 | 19.00 | 348.00 | 367.00 | NOTE |
Version: 1.0.2
Check: package dependencies
Result: NOTE
Package suggested but not available for checking: ‘INLA’
Flavors: r-devel-linux-x86_64-debian-clang, r-patched-linux-x86_64, r-release-linux-x86_64, r-release-macos-arm64, r-release-macos-x86_64, r-oldrel-macos-arm64, r-oldrel-macos-x86_64, r-oldrel-windows-x86_64
Version: 1.0.2
Check: Rd cross-references
Result: NOTE
Package unavailable to check Rd xrefs: ‘INLA’
Flavors: r-devel-linux-x86_64-debian-clang, r-patched-linux-x86_64, r-release-linux-x86_64, r-release-macos-arm64, r-release-macos-x86_64, r-oldrel-macos-arm64, r-oldrel-macos-x86_64, r-oldrel-windows-x86_64
Version: 1.0.2
Check: package dependencies
Result: ERROR
Packages required but not available: 'progress', 'posterior', 'ggplot2'
Packages suggested but not available for checking:
'testthat', 'BCEA', 'INLA', 'dplyr', 'heemod'
See section ‘The DESCRIPTION file’ in the ‘Writing R Extensions’
manual.
Flavor: r-devel-linux-x86_64-debian-gcc
Version: 1.0.2
Check: installed package size
Result: NOTE
installed size is 5.0Mb
sub-directories of 1Mb or more:
data 2.6Mb
Flavor: r-devel-linux-x86_64-fedora-clang