Last updated on 2024-06-19 20:58:45 CEST.
Flavor | Version | Tinstall | Tcheck | Ttotal | Status | Flags |
---|---|---|---|---|---|---|
r-devel-linux-x86_64-debian-clang | 0.1.5 | 9.15 | 76.66 | 85.81 | OK | |
r-devel-linux-x86_64-debian-gcc | 0.1.5 | 6.56 | 57.28 | 63.84 | OK | |
r-devel-linux-x86_64-fedora-clang | 0.1.5 | 106.34 | NOTE | |||
r-devel-linux-x86_64-fedora-gcc | 0.1.5 | 111.62 | NOTE | |||
r-devel-windows-x86_64 | 0.1.5 | 10.00 | 77.00 | 87.00 | OK | |
r-patched-linux-x86_64 | 0.1.5 | 12.92 | 74.90 | 87.82 | OK | |
r-release-linux-x86_64 | 0.1.5 | 5.18 | 72.98 | 78.16 | OK | |
r-release-macos-arm64 | 0.1.5 | 33.00 | OK | |||
r-release-macos-x86_64 | 0.1.5 | 54.00 | OK | |||
r-release-windows-x86_64 | 0.1.5 | 10.00 | 84.00 | 94.00 | OK | |
r-oldrel-macos-arm64 | 0.1.5 | 37.00 | OK | |||
r-oldrel-macos-x86_64 | 0.1.5 | 69.00 | OK | |||
r-oldrel-windows-x86_64 | 0.1.5 | 11.00 | 84.00 | 95.00 | OK |
Version: 0.1.5
Check: dependencies in R code
Result: NOTE
Namespace in Imports field not imported from: ‘ggplot2’
All declared Imports should be used.
Flavors: r-devel-linux-x86_64-fedora-clang, r-devel-linux-x86_64-fedora-gcc