Last updated on 2025-11-05 15:50:24 CET.
| Flavor | Version | Tinstall | Tcheck | Ttotal | Status | Flags |
|---|---|---|---|---|---|---|
| r-devel-linux-x86_64-debian-clang | 0.6.2 | 5.86 | 64.29 | 70.15 | NOTE | |
| r-devel-linux-x86_64-debian-gcc | 0.6.2 | 4.43 | 46.73 | 51.16 | NOTE | |
| r-devel-linux-x86_64-fedora-clang | 0.6.2 | 16.00 | 94.02 | 110.02 | OK | |
| r-devel-linux-x86_64-fedora-gcc | 0.6.2 | 12.00 | 92.61 | 104.61 | OK | |
| r-devel-windows-x86_64 | 0.6.2 | 9.00 | 82.00 | 91.00 | OK | |
| r-patched-linux-x86_64 | 0.6.2 | 5.17 | 62.56 | 67.73 | OK | |
| r-release-linux-x86_64 | 0.6.2 | 6.14 | 62.10 | 68.24 | OK | |
| r-release-macos-arm64 | 0.6.2 | 3.00 | 30.00 | 33.00 | OK | |
| r-release-macos-x86_64 | 0.6.2 | 5.00 | 51.00 | 56.00 | OK | |
| r-release-windows-x86_64 | 0.6.2 | 9.00 | 81.00 | 90.00 | OK | |
| r-oldrel-macos-arm64 | 0.6.2 | 3.00 | 28.00 | 31.00 | OK | |
| r-oldrel-macos-x86_64 | 0.6.2 | 5.00 | 42.00 | 47.00 | OK | |
| r-oldrel-windows-x86_64 | 0.6.2 | 11.00 | 98.00 | 109.00 | OK |
Version: 0.6.2
Check: CRAN incoming feasibility
Result: NOTE
Maintainer: ‘Marco Colombo <mar.colombo13@gmail.com>’
Package CITATION file contains call(s) to old-style citEntry(). Please
use bibentry() instead.
Flavors: r-devel-linux-x86_64-debian-clang, r-devel-linux-x86_64-debian-gcc