Last updated on 2025-07-12 22:49:27 CEST.
Flavor | Version | Tinstall | Tcheck | Ttotal | Status | Flags |
---|---|---|---|---|---|---|
r-devel-linux-x86_64-debian-clang | 0.1-17 | 3.42 | 39.72 | 43.14 | OK | |
r-devel-linux-x86_64-debian-gcc | 0.1-17 | 2.89 | 30.86 | 33.75 | OK | |
r-devel-linux-x86_64-fedora-clang | 0.1-17 | 69.50 | OK | |||
r-devel-linux-x86_64-fedora-gcc | 0.1-17 | 80.34 | OK | |||
r-devel-windows-x86_64 | 0.1-17 | 4.00 | 66.00 | 70.00 | OK | |
r-patched-linux-x86_64 | 0.1-17 | 3.69 | 37.77 | 41.46 | OK | |
r-release-linux-x86_64 | 0.1-17 | 3.16 | 37.14 | 40.30 | OK | |
r-release-macos-arm64 | 0.1-17 | 34.00 | OK | |||
r-release-macos-x86_64 | 0.1-17 | 58.00 | OK | |||
r-release-windows-x86_64 | 0.1-17 | 5.00 | 70.00 | 75.00 | OK | |
r-oldrel-macos-arm64 | 0.1-17 | 50.00 | NOTE | |||
r-oldrel-macos-x86_64 | 0.1-17 | 100.00 | NOTE | |||
r-oldrel-windows-x86_64 | 0.1-17 | 5.00 | 65.00 | 70.00 | NOTE |
Version: 0.1-17
Check: package dependencies
Result: NOTE
Package suggested but not available for checking: ‘wordnetDicts’
Flavors: r-oldrel-macos-arm64, r-oldrel-macos-x86_64, r-oldrel-windows-x86_64