Last updated on 2025-07-13 04:49:06 CEST.
Flavor | Version | Tinstall | Tcheck | Ttotal | Status | Flags |
---|---|---|---|---|---|---|
r-devel-linux-x86_64-debian-clang | 0.0.42 | 17.22 | 107.57 | 124.79 | NOTE | |
r-devel-linux-x86_64-debian-gcc | 0.0.42 | 11.93 | 70.97 | 82.90 | NOTE | |
r-devel-linux-x86_64-fedora-clang | 0.0.42 | 200.87 | OK | |||
r-devel-linux-x86_64-fedora-gcc | 0.0.42 | 182.61 | OK | |||
r-devel-windows-x86_64 | 0.0.42 | 20.00 | 144.00 | 164.00 | OK | |
r-patched-linux-x86_64 | 0.0.42 | 21.08 | 100.90 | 121.98 | OK | |
r-release-linux-x86_64 | 0.0.42 | 16.90 | 100.39 | 117.29 | OK | |
r-release-macos-arm64 | 0.0.42 | 45.00 | OK | |||
r-release-macos-x86_64 | 0.0.42 | 113.00 | OK | |||
r-release-windows-x86_64 | 0.0.42 | 23.00 | 154.00 | 177.00 | OK | |
r-oldrel-macos-arm64 | 0.0.42 | 45.00 | OK | |||
r-oldrel-macos-x86_64 | 0.0.42 | 72.00 | OK | |||
r-oldrel-windows-x86_64 | 0.0.42 | 29.00 | 173.00 | 202.00 | OK |
Version: 0.0.42
Check: CRAN incoming feasibility
Result: NOTE
Maintainer: ‘Tinniam V Ganesh <tvganesh.85@gmail.com>’
No Authors@R field in DESCRIPTION.
Please add one, modifying
Authors@R: person(given = c("Tinniam", "V"),
family = "Ganesh",
role = c("aut", "cre"),
email = "tvganesh.85@gmail.com")
as necessary.
Flavors: r-devel-linux-x86_64-debian-clang, r-devel-linux-x86_64-debian-gcc