CRAN Package Check Results for Package zzlite

Last updated on 2025-07-13 04:49:06 CEST.

Flavor Version Tinstall Tcheck Ttotal Status Flags
r-devel-linux-x86_64-debian-clang 0.1.2 1.62 24.15 25.77 NOTE
r-devel-linux-x86_64-debian-gcc 0.1.2 1.51 19.88 21.39 NOTE
r-devel-linux-x86_64-fedora-clang 0.1.2 40.10 OK
r-devel-linux-x86_64-fedora-gcc 0.1.2 50.76 OK
r-devel-windows-x86_64 0.1.2 4.00 47.00 51.00 OK
r-patched-linux-x86_64 0.1.2 2.00 22.77 24.77 OK
r-release-linux-x86_64 0.1.2 1.82 22.96 24.78 OK
r-release-macos-arm64 0.1.2 42.00 OK
r-release-macos-x86_64 0.1.2 68.00 OK
r-release-windows-x86_64 0.1.2 4.00 51.00 55.00 OK
r-oldrel-macos-arm64 0.1.2 29.00 OK
r-oldrel-macos-x86_64 0.1.2 36.00 OK
r-oldrel-windows-x86_64 0.1.2 4.00 51.00 55.00 OK

Check Details

Version: 0.1.2
Check: CRAN incoming feasibility
Result: NOTE Maintainer: ‘Frederik Kok Hansen <frederik_kok@icloud.com>’ No Authors@R field in DESCRIPTION. Please add one, modifying Authors@R: person(given = c("Frederik", "Kok"), family = "Hansen", role = c("aut", "cre"), email = "frederik_kok@icloud.com") as necessary. Flavors: r-devel-linux-x86_64-debian-clang, r-devel-linux-x86_64-debian-gcc